 u be 3/((-8)/(1792/(-21))). Suppose 27*t + 1175 = u*t. What is the tens digit of t?
3
Let g(c) = -3*c**3 - 65*c**2 - 42*c + 15. Let t be g(-21). Let a be -22 + (-1 - (1 + -1)). Let i = t - a. What is the units digit of i?
8
Let z(s) = s**2 - 6*s + 4. Let g be z(7). Suppose -348 = 8*m - g*m. Suppose -3*q = -m - 70. What is the tens digit of q?
6
Let k(o) = -o**3 - 22*o**2 - 48*o - 17. Suppose 22*s + 168 = 14*s. What is the units digit of k(s)?
0
Let a(q) = 314*q**3 - 17*q**2 + 72*q - 6. What is the units digit of a(4)?
6
Suppose -3*m + n + 35917 = 0, -4*n = -3*m + 1656 + 34255. What is the thousands digit of m?
1
Suppose 45566*w - 45557*w = 424296. What is the units digit of w?
4
Suppose -2*u - 61 = -45. Let x be (4/3)/((-9)/(1620/u)). What is the units digit of (((-36)/x)/3)/((-3)/540)?
2
Let p be (1 - 1)/((-68)/34). Let a = 10 - 7. Suppose p*l - 111 = -a*l. What is the tens digit of l?
3
What is the thousands digit of 11*((-50)/(-5) + 709) - 9?
7
Let c(h) = 133*h + 483. Let o(i) = 44*i + 161. Let b(z) = 3*c(z) - 8*o(z). What is the hundreds digit of b(7)?
4
Let a = -32 + 39. Let r(n) = 17*n**2 - a*n - 5 + 7 + 3*n. What is the units digit of r(2)?
2
Let w = -7674 + 15580. What is the tens digit of w?
0
Let m = 61 - 46. Suppose m*h - 58 = -13. Suppose h*z + 5*f = 184, -z - 2*f = -23 - 40. What is the tens digit of z?
5
Let v(g) = 1850*g**2 + 396*g - 1203. What is the tens digit of v(3)?
3
Let c(t) = 44*t - 781. What is the units digit of c(27)?
7
Let a(t) = 27 - 3*t + 47 - 44. Let b be a(15). What is the tens digit of 11*(b/5 - -5)?
2
Let s be ((-384)/20)/(-2 + 59/30). What is the tens digit of s/10 - (72/30)/(-6)?
5
Suppose -3*c - 36347 = -63814 - 56749. What is the thousands digit of c?
8
Let q = -40 - -22. Let h = q + 19. What is the units digit of h/3 + 4738/69?
9
Suppose 5*j = -186 + 21. Let k = 73 + j. What is the hundreds digit of (-2)/5 - (-4136)/k?
1
Let t(a) = -136*a + 724. What is the tens digit of t(0)?
2
Suppose -435 = -2*s + 105. Suppose 0 = 5*v - 3*t + s, -4*t = 19 + 1. Let x = -41 - v. What is the tens digit of x?
1
Let o be ((-4)/(-12))/((-2)/(-2844)). Suppose -432 = -2*g + o. What is the hundreds digit of g?
4
Let n = -83 - -131. Let z = n + 56. What is the hundreds digit of z?
1
Let g(o) = o**3 - 15*o**2 - o + 15. Let x be g(15). Suppose -4*v + c + 687 = x, c = 2*v - 2*c - 341. What is the units digit of 36/198 + v/22?
8
Let q(c) = c**3 - 9*c**2 + 6*c + 22. Suppose 41 + 36 = 7*t. What is the hundreds digit of q(t)?
3
Let o be ((-2)/(-5))/((-9)/3285). Let x = 68 - o. What is the tens digit of x?
1
Suppose -3*i = 10 + 8. Let g be (1 + -4)/(i/(-304)). What is the tens digit of g/(-4) + -3 - 0?
3
Let p(j) = -j**2 - 16*j - 6. Let f be p(-15). Suppose -318 = f*b + 2157. What is the tens digit of 60/40 + b/(-2)?
3
Suppose 4*b + 2*t - 5*t = 27, -b + 2*t + 13 = 0. Let m(u) be the second derivative of u**4/3 - 5*u**2 - 1597*u. What is the tens digit of m(b)?
2
Let p = -72 + -4. Let k be 191 - 0*-2*2/12. Let s = k + p. What is the hundreds digit of s?
1
What is the thousands digit of (-6849810)/(-4335) - (-2)/(-17)?
1
Let b(o) = -o**3 + 5*o**2 - 10*o + 57605. What is the thousands digit of b(0)?
7
Let k = 192 + -197. What is the tens digit of 3*k/3*(-957)/15?
1
What is the tens digit of 279568/20 + (-10)/6*(-72)/(-300)?
7
Let q(b) = -b**2 + 4*b + 5. Let h be q(5). Let o = -1442 + 1493. What is the units digit of o + (h - (0 - 4))?
5
Suppose 9021 = -32*z + z. Let j = -152 - z. What is the hundreds digit of j?
1
Suppose 5*k + 580 = 4*m - 260, 3*m + 641 = -4*k. Let w = k + 379. What is the hundreds digit of w?
2
Let q(r) = 17*r**2 + 6*r - 8. Let l be q(5). Suppose -1627 = -4*c - l. Suppose -5*v = i - 300, 0 = v + 4*v + 2*i - c. What is the tens digit of v?
6
Let o be 56/(-84)*18/(-4). Let u be (o/(-2))/((-12)/3464). Suppose -641 - u = -6*l. What is the tens digit of l?
7
Suppose 3*p - 39363 = -3*u, 23*u + 13118 = p + 27*u. What is the ten thousands digit of p?
1
What is the tens digit of (-8)/(-60) - (-1751128)/465?
6
Let q be 4*1 - (6/(-2) + 2). Let v be 13/q - 63/105. Suppose 0 = v*g + 7*g - 720. What is the tens digit of g?
8
Let w(y) = 32*y**2 + 17*y + 39. Let d be w(-6). Suppose -6*p + 1041 + d = 0. What is the hundreds digit of p?
3
Let t = 71733 + -6543. What is the hundreds digit of t?
1
Let z(m) = -11*m + 95. Let c be z(9). What is the hundreds digit of -51*((-75)/9 + c)?
6
Let f = -145 + 150. Suppose -f*p + i + 13 = -75, -16 = -p + i. What is the tens digit of 63 - p/12*-2?
6
Let w(x) = 14*x - 81. Let m be w(6). Suppose -d - m*y + 679 = 0, 5*y = 3*y - 6. What is the hundreds digit of d?
6
Let j be (-7 - 2)*(140/3)/(-4). Suppose -h = 4*h - j. What is the units digit of (1 - 39/h)*-119?
2
Suppose -8*n = 7*n. Suppose -y - r + 233 = y, -r + 1 = n. What is the units digit of y?
6
Suppose z = -7*j + 9*j - 36611, -4*j = -4*z - 73228. What is the ten thousands digit of j?
1
Suppose 5*q - 127 = -327. Let o = q + 55. Suppose 166 + 39 = 4*n + 3*p, 0 = 5*p - o. What is the units digit of n?
9
Let i(c) = -25*c + 14. Let a be i(4). Let d = 174 + a. What is the units digit of 4/18 + 8/(-36) + d?
8
Let h = 2474 + 6217. What is the units digit of h?
1
What is the units digit of (6 - 2)*(-918265)/(-860)?
1
Let r(w) = 4 + 1 + 3*w + 8 + 6. Let a be r(-5). Suppose a*t - 2 - 14 = 0. What is the units digit of t?
4
Let g(q) = q**2 - 10*q + 2. Let a(f) = f**3 + 3*f**2 - 3*f - 5. Let z be a(-3). Let y be g(z). What is the units digit of 2*9/(y/(-6) - 3)?
7
Suppose 186 = 56*d - 206. Let p(c) = -59*c - 1. Let s be p(1). What is the tens digit of d*(0 + s/(-7))?
6
Suppose 28*v - 1008131 + 281987 = -96*v. What is the hundreds digit of v?
8
Suppose 2*c = 5*s - 3853, -5*s - 2*c + 0*c + 3837 = 0. Let o = 1294 - s. What is the units digit of o?
5
Suppose 0*h = -5*h - 5*v + 115, -4*h + 56 = -5*v. Let s = h + 88. What is the tens digit of s?
0
Let l = 36075 + -21306. What is the units digit of l?
9
Let x = 11996 - 8363. What is the hundreds digit of x?
6
Let j be 40/8*(3 - (0 - -2)). Suppose s = -3*n + j*n + 74, -4*s + 144 = -4*n. What is the hundreds digit of n*(105/(-10))/3?
1
Suppose -20 + 5 = 3*y, y = 2*t - 1. Let d = 2 - t. Suppose -5*p + 492 = 2*f, -d*p = -0*p - f - 391. What is the units digit of p?
8
What is the ten thousands digit of (-1)/((180/12)/(-686925))?
4
Let u(v) = 547*v**2 - 218*v - 38. What is the ten thousands digit of u(-9)?
4
Suppose 21*l - 447768 = -3*l. What is the tens digit of l?
5
Let m = 83 + -26. Suppose 17 = 10*o - 5*o + 2*n, o + 2*n + 3 = 0. Suppose o*w = -5*g + 390, -m = 2*g - 2*w - 193. What is the units digit of g?
3
Suppose 4*l + 162 = 162. Suppose -5*w = 4*y - 31 + 24, l = w + y - 1. What is the units digit of w?
3
Suppose -n + 0*z = -z - 47, 57 = n + z. Let q = n + -44. What is the units digit of (-2130)/(-24) - (-1)/q*2?
9
Let j be -3 - (-4 - (2 - -358)). Let m = 484 - j. What is the tens digit of m?
2
Suppose 0 = -28*q + 25*q + 6. Suppose -3*z + 2676 = -z - q*t, 8 = 4*t. What is the units digit of z?
0
Suppose 0 = -2*c + 2*g + 26, 6*c - 83 = c - g. Suppose 707 = -c*m + 1891. What is the units digit of m?
4
Let r be (11/3)/(112/21 + -5). Let b(w) = 7*w**3 + r*w**2 + 13*w - 9*w**3 + 3*w**3. What is the units digit of b(-8)?
8
Suppose -4*q = 4*d - 28468, 2*q + 2272 - 9385 = -d. What is the hundreds digit of d?
1
Let s(g) = -g**2 + g + 345. Suppose 0 = 10*f - 7*f. Let r be s(f). Suppose 5*c - 400 = -6*m + m, -4*c + r = -m. What is the tens digit of c?
8
Suppose -1397 = -4*o - 2*n - n, -1032 = -3*o + 3*n. Let b = o - 609. What is the hundreds digit of 1/((-2)/b) - -2?
1
Let b be 4/4 + (-3 - 89 - 1). Let f = 223 - b. Suppose 4*i = i + f. What is the hundreds digit of i?
1
Let z = -198 + 135. Let p = z + 66. Suppose 0*w = -2*c - 4*w + 212, -p*c - 4*w + 308 = 0. What is the units digit of c?
6
Let h(z) = 9*z**2 + z + 3083. What is the units digit of h(-54)?
3
What is the units digit of 3280/984*(-26586)/(-10)?
2
Let p(r) = -5*r + 45. Let w be p(9). Suppose -d = 4*s - 1340 - 49, w = -d - 3. What is the tens digit of s?
4
Suppose 27*i - 21430 = -r + 26*i, -42867 = -2*r + 5*i. What is the hundreds digit of r?
4
Let c(r) = r**2 - 6*r + 11. Let t be c(5). Suppose -t*u = -u - 3520. What is the hundreds digit of u?
7
Let o = 4502 + -4